emainder when o(v) is divided by h(-1)?
3
Suppose 121 = 3*d + 4*h, -2*h = 276 - 278. What is the remainder when 545 is divided by d?
38
Let z(l) = l**3 - 9*l**2 + 16*l - 12. Let j be z(7). Suppose 4*f - 252 = j*t, -4*t = 10 + 6. Calculate the remainder when f is divided by 53.
8
Suppose 5*r + 19 = -3*t, 2*r + r = -t - 13. Calculate the remainder when (740/15)/t*(-12)/(-4) is divided by 11.
8
Let j(o) = -2*o**2 - 26*o - 21. Let q be j(-15). Calculate the remainder when 77 is divided by (0 - 22/(-3))*(-243)/q.
11
Let f be 1/(3/(4518/6)) - -1. Let c = 272 - f. What is the remainder when 158 is divided by c?
18
Suppose -4*s - 5*j + 509 = -364, -3*j + 15 = 0. What is the remainder when 7630 is divided by s?
210
Let p be (68/12 - 5)/((-1)/63). Calculate the remainder when 1*5 + (87 - p) is divided by 15.
14
Let o(y) = y + 8. Let h be o(-6). Suppose -2 + 4 = 2*p, m + h*p - 58 = 0. What is the remainder when m is divided by -5 + 0 + (-10)/(1/(-2) - 0)?
11
Suppose -225 = -3*t - 3*i, -2*i = 4*t - 200 - 110. Let j(b) = -2*b - 9. Calculate the remainder when ((-288)/t)/(2/(-5)) is divided by j(-7).
4
Suppose 23171 + 39627 = 34*o. What is the remainder when o is divided by 34?
11
Let n = 12729 + -12634. Calculate the remainder when 740 is divided by n.
75
Suppose 22887 = 7*q + 7354. Suppose -13*z = -q + 711. What is the remainder when z is divided by 40?
36
Let g = -102 + 144. Let w = g + 72. Suppose 41951*x = 41942*x + 117. What is the remainder when w is divided by x?
10
Suppose -19*c + 67 + 9 = 0. Suppose -3*d - 843 = -c*b - 191, 0 = -5*b - 3*d + 788. Calculate the remainder when b is divided by 41.
37
Let k(i) = -5*i**3 + 9*i**2 - 13*i - 4. Let b(j) = j**3 - j**2 + 2*j - 1. Let h(a) = -6*b(a) - k(a). Calculate the remainder when 84 is divided by h(-4).
18
Suppose 22*h - 28*h + 1530 = 3*h. Calculate the remainder when 684 is divided by h.
4
Suppose 7*y - 12*y + u = 72, -2*y = 3*u + 39. Let r(v) = -v**2 - 7*v + 1. Calculate the remainder when (-12)/10*1*200/y is divided by r(-5).
5
Let f(j) = -j**3 - 12*j**2 - 6*j - 54. What is the remainder when f(-13) is divided by 15?
13
Suppose 4406*n - 4412*n = -372. What is the remainder when 388 is divided by n?
16
Let f(n) = 38*n**2 + 5*n - 565. What is the remainder when f(15) is divided by 56?
52
Let x = -23 - -41. Suppose 2687 = -24*v + 6935. Calculate the remainder when v is divided by x.
15
Let z be (-10 + 7)*(-4)/(-6). Let n(d) = -4*d**3 - 3*d**2 - 3*d - 1. Let f be n(z). Let p = f - -26. What is the remainder when p is divided by 27?
24
Suppose r - 5*r = -2*z + 382, 0 = -4*r - 2*z - 378. Let a = r - -100. Calculate the remainder when 16 is divided by a.
1
Suppose 3*r = j + 314, 0*r = r - 3*j - 94. Suppose -o - 120 - 182 = 0. Let f = -275 - o. Calculate the remainder when r is divided by f.
25
Let u be (-12)/5*115/46. Let v = 84 - 36. Let w = v + u. Calculate the remainder when w is divided by 5.
2
Let q = -364087 + 364121. Suppose -r - r - 5*g = -120, -30 = -r + 5*g. Calculate the remainder when r is divided by q.
16
Suppose -10*d + 65 = -5*d. What is the remainder when d is divided by ((-6)/1)/(6/(-12)*3)?
1
Let a = -38 - -41. Suppose 9 = a*t - 0, 5*u - 5*t = 20. Let z = u + -5. What is the remainder when 9 is divided by z?
1
Let c(l) = l**3 + 15*l**2 + 14*l - 79. Calculate the remainder when 409 is divided by c(-12).
39
Suppose 1545*p = 244418 + 78487. Let m = -144 + 212. Calculate the remainder when p is divided by m.
5
Let x = 45 + -30. Suppose -2*u + x = 3*u, 2*q + 2*u - 106 = 0. Calculate the remainder when 148 is divided by q.
48
Let k be 6/2*(-8)/(-12). Suppose 26 + 120 = k*g. Let n = 124 + -99. What is the remainder when g is divided by n?
23
Let x(n) = n**2 - 44*n - 314. Let a be x(-7). Let b = -3 + 14. Calculate the remainder when (a/(-4))/((-18)/72) is divided by b.
10
Let f be (-13968)/108 + (-1)/(-3). Let y = 115 + f. Let x = 39 + y. What is the remainder when 92 is divided by x?
17
Suppose 6*y + 1551 = 4*j + 3*y, 2*j - 4*y = 778. Calculate the remainder when j is divided by 13.
10
What is the remainder when ((-7)/((-42)/(-58746)))/(37/(-37)) is divided by 23?
16
Suppose 28 = 7*o - 0*o. Suppose 23 = -3*x + o*x. Suppose 0 = -7*l + 4*l + 132. Calculate the remainder when l is divided by x.
21
Let h = -28 + 28. Let c be h/5*2/(-4). Suppose -2*q + j + 90 = -c*j, 0 = 5*j - 20. What is the remainder when q is divided by 25?
22
Let q(f) = -f**3 - 2*f - 3. Let m be q(4). Let p = 77 + m. Suppose -s + p = -206. Calculate the remainder when s is divided by 42.
40
Suppose -9*x = 4*h - 13*x - 64, 4*h - 5*x = 65. What is the remainder when 314 is divided by h?
14
Let v = 272 - 193. Suppose -66 = -5*j + v. Suppose 113 = -0*h + h. What is the remainder when h is divided by j?
26
Suppose g + 3*g = -5*o - 41, 0 = -5*g + 4*o - 82. Let y = 21 - g. Calculate the remainder when 31 is divided by (126/y + -7)/((-2)/10).
14
Let m be -15 + 7 + -38 - 0/(-1). Let b = m - -61. What is the remainder when 131 is divided by b?
11
Suppose -544*k + 491*k + 1325 = 0. Calculate the remainder when 1454 is divided by k.
4
Suppose 4*a + c = 168, 3*a = -2*c - c + 126. Suppose -4*m + 216 = 4*d, 0*m + 2*d + a = m. Calculate the remainder when m is divided by 27.
23
Let z = -1142 + 1307. Suppose 0 = 25*x - 684 - 516. What is the remainder when z is divided by x?
21
Let j = -9476 + 10119. Calculate the remainder when 2574 is divided by j.
2
Let a = -2123 + 2174. What is the remainder when 54*(6/9 - -4) is divided by a?
48
Suppose 4*l - 2*o + 10 = 0, 0*l = 5*l - 5*o + 10. Let x(f) = 10*f**2 - 4*f. Let v = 10597 - 10576. Calculate the remainder when x(l) is divided by v.
18
Let b(h) = -h**3 - h**2 + h + 256. Let f(a) = -51*a + 3307. Calculate the remainder when b(0) is divided by f(64).
41
Suppose -b = -0*b - 11. Let c = -28 + b. What is the remainder when (c/2)/(3/(-12)) is divided by 19?
15
Let j be 1/(6/2) + 7/(-21). Suppose 3*z - 4 - 5 = j. What is the remainder when z/(-6)*0 - -60 - -3 is divided by 19?
6
Suppose -206*w = -209*w. What is the remainder when -3*(w - 13)*(-10 - -11) is divided by 27?
12
Let b = -233 + 244. Suppose 41 = b*w - 25. What is the remainder when 68 is divided by w?
2
Let c be 480/75*5/(-1). Let n = c + 30. What is the remainder when 164 is divided by 30 - ((-2 - n) + 4/2)?
24
Suppose -25 = u - 6*u. Suppose -w + 12 = u*f, -2*f + 20 = -5*w - 1. What is the remainder when (-13 + 4)*(-13)/f is divided by 10?
9
Let j = 8086 - 7603. Calculate the remainder when j is divided by 7.
0
What is the remainder when 2725 is divided by 3/18 + 3123/54?
57
Let x = 141 - 142. Let h = -45 + 77. What is the remainder when h is divided by 23 - 16 - (x - -1)?
4
Suppose 4*a - 364 = 652. Let o(y) = -7*y**2 + 42*y - 40. What is the remainder when a is divided by o(4)?
14
Let t(r) = 6*r - 117. Let w be t(0). Let j = 181 + w. What is the remainder when 242 is divided by j?
50
Suppose -y - r = 15, -5*y - 4*r - 82 = -12. Suppose 0 = 131*b - 137*b - 6. Let n = b - y. What is the remainder when 31 is divided by n?
4
Let q = 3256 - 3018. Calculate the remainder when q is divided by 80.
78
Suppose -4*n - 12 = 0, 33*n + 21 = 2*g + 34*n. What is the remainder when 372 is divided by g?
0
Let f(k) = 34*k**2 + 2*k + 8. Let l(o) = -31*o**2 - 3*o - 9. Let d(m) = 7*f(m) + 6*l(m). Calculate the remainder when d(-2) is divided by 22.
20
Let n = -50 - -130. Suppose -y + 3*f + 21 = 0, y + 15*f - 31 = 13*f. Calculate the remainder when n is divided by y.
26
Suppose -30 = -3*w + 5*z + 79, z + 89 = 3*w. Let q = -150 + 152. Calculate the remainder when 7 + -1 + 106 - q is divided by w.
26
Let v = -44 + 48. Suppose v*u = -4*y + 20, -5*u + u + 20 = y. Suppose 106 = 2*o + 4*k, 3*o - 3*k + u*k = 155. Calculate the remainder when o is divided by 18.
15
Suppose -13*j + 8425 = -1572. Calculate the remainder when j is divided by 47.
17
What is the remainder when 995 is divided by (-119952)/(-1323) - (-2)/6*1?
85
Let l = -498 - -156. Calculate the remainder when 91 is divided by (l/(-190))/(2/30).
10
Suppose -6*c + 5081 + 3577 = 0. What is the remainder when c is divided by 35?
8
Suppose 11*m = 28*m + 136. Let k(o) = o**3 + 8*o**2 - 5*o + 6. Calculate the remainder when k(m) is divided by 33.
13
Let b(l) = -10*l**2 + 19*l + 57. Let w(j) = -7*j**2 + 13*j + 38. L